{"id":2,"date":"2022-11-18T10:20:10","date_gmt":"2022-11-18T10:20:10","guid":{"rendered":"https:\/\/prospektuskatlamasanati.com\/?page_id=2"},"modified":"2022-12-08T07:47:35","modified_gmt":"2022-12-08T07:47:35","slug":"hakkimizda","status":"publish","type":"page","link":"https:\/\/prospektuskatlamasanati.com\/index.php\/hakkimizda\/","title":{"rendered":"Hakk\u0131m\u0131zda"},"content":{"rendered":"<p>[vc_row css_animation=&#8221;&#8221; row_type=&#8221;row&#8221; use_row_as_full_screen_section=&#8221;no&#8221; type=&#8221;grid&#8221; angled_section=&#8221;no&#8221; text_align=&#8221;left&#8221; background_image_as_pattern=&#8221;without_pattern&#8221; z_index=&#8221;&#8221; css=&#8221;.vc_custom_1668884536091{margin-top: 100px !important;margin-bottom: 100px !important;}&#8221;][vc_column width=&#8221;1\/2&#8243;][vc_column_text]<\/p>\n<h2>Prospekt\u00fcs Katlama Sanat\u0131<\/h2>\n<p>[\/vc_column_text][vc_column_text]Prospekt\u00fcs katlama sanat\u0131 ailesi, k\u0131r\u0131m uygulamalar\u0131n\u0131 h\u0131zl\u0131 ve titiz bir \u015fekilde ger\u00e7ekele\u015ftirmektedir. K\u0131r\u0131m makinalar\u0131m\u0131z g\u00fcncel ve amac\u0131na hizmet etmektedir. De\u011ferli m\u00fc\u015fterilerimizin isteklerine h\u0131zl\u0131 ve \u00e7\u00f6z\u00fcm odakl\u0131 bir anlay\u0131\u015fla ama\u00e7lar\u0131na ula\u015ft\u0131rmaktay\u0131z.[\/vc_column_text][vc_column_text]Her daim g\u00fcncel kalmay\u0131 ve teknolojiye ayak uydurmay\u0131 hedefleyen bir alt yap\u0131 sistemini, siz de\u011ferli m\u00fc\u015fterilerimize daha iyi hizmet verebilmek i\u00e7in aktif tutmaktay\u0131z.[\/vc_column_text][vc_column_text]Firmam\u0131z, do\u011faya sayg\u0131l\u0131, i\u015f ak\u0131\u015f\u0131nda m\u00fc\u015fterilerimize hizmet vermekte olan tak\u0131m arkada\u015flar\u0131m\u0131z\u0131n haklar\u0131n\u0131 her daim korumaktay\u0131z. B\u00f6ylelikle i\u015flerimiz daha h\u0131zl\u0131, daha kaliteli ve \u00e7\u00f6z\u00fcm odakl\u0131 s\u00fcreci en iyi \u015fekilde y\u00fcr\u00fctmekteyiz.[\/vc_column_text][\/vc_column][vc_column width=&#8221;1\/2&#8243;][vc_video link=&#8221;https:\/\/www.youtube.com\/watch?v=9Qek4SeA3gY&#8221;][\/vc_column][\/vc_row]<\/p>\n","protected":false},"excerpt":{"rendered":"<p>[vc_row css_animation=&#8221;&#8221; row_type=&#8221;row&#8221; use_row_as_full_screen_section=&#8221;no&#8221; type=&#8221;grid&#8221; angled_section=&#8221;no&#8221; text_align=&#8221;left&#8221; background_image_as_pattern=&#8221;without_pattern&#8221; z_index=&#8221;&#8221; css=&#8221;.vc_custom_1668884536091{margin-top: 100px !important;margin-bottom: 100px !important;}&#8221;][vc_column width=&#8221;1\/2&#8243;][vc_column_text] Prospekt\u00fcs Katlama Sanat\u0131 [\/vc_column_text][vc_column_text]Prospekt\u00fcs katlama sanat\u0131 ailesi, k\u0131r\u0131m uygulamalar\u0131n\u0131 h\u0131zl\u0131 ve titiz bir \u015fekilde ger\u00e7ekele\u015ftirmektedir. K\u0131r\u0131m makinalar\u0131m\u0131z g\u00fcncel ve amac\u0131na hizmet etmektedir. De\u011ferli m\u00fc\u015fterilerimizin isteklerine h\u0131zl\u0131 ve \u00e7\u00f6z\u00fcm odakl\u0131 bir&#8230;<\/p>\n","protected":false},"author":1,"featured_media":0,"parent":0,"menu_order":0,"comment_status":"closed","ping_status":"closed","template":"full_width.php","meta":{"footnotes":""},"class_list":["post-2","page","type-page","status-publish","hentry"],"_links":{"self":[{"href":"https:\/\/prospektuskatlamasanati.com\/index.php\/wp-json\/wp\/v2\/pages\/2","targetHints":{"allow":["GET"]}}],"collection":[{"href":"https:\/\/prospektuskatlamasanati.com\/index.php\/wp-json\/wp\/v2\/pages"}],"about":[{"href":"https:\/\/prospektuskatlamasanati.com\/index.php\/wp-json\/wp\/v2\/types\/page"}],"author":[{"embeddable":true,"href":"https:\/\/prospektuskatlamasanati.com\/index.php\/wp-json\/wp\/v2\/users\/1"}],"replies":[{"embeddable":true,"href":"https:\/\/prospektuskatlamasanati.com\/index.php\/wp-json\/wp\/v2\/comments?post=2"}],"version-history":[{"count":7,"href":"https:\/\/prospektuskatlamasanati.com\/index.php\/wp-json\/wp\/v2\/pages\/2\/revisions"}],"predecessor-version":[{"id":402,"href":"https:\/\/prospektuskatlamasanati.com\/index.php\/wp-json\/wp\/v2\/pages\/2\/revisions\/402"}],"wp:attachment":[{"href":"https:\/\/prospektuskatlamasanati.com\/index.php\/wp-json\/wp\/v2\/media?parent=2"}],"curies":[{"name":"wp","href":"https:\/\/api.w.org\/{rel}","templated":true}]}}